{"id":509,"date":"2024-03-25T20:22:32","date_gmt":"2024-03-25T20:22:32","guid":{"rendered":"https:\/\/geoseminaire2024.teledetection.fr\/?page_id=509"},"modified":"2024-03-25T21:13:55","modified_gmt":"2024-03-25T21:13:55","slug":"joris-guerin","status":"publish","type":"page","link":"https:\/\/geoseminaire2024.teledetection.fr\/index.php\/joris-guerin\/","title":{"rendered":"Joris Gu\u00e9rin"},"content":{"rendered":"<style>.kadence-column509_c5a0f7-d8 > .kt-inside-inner-col,.kadence-column509_c5a0f7-d8 > .kt-inside-inner-col:before{border-top-left-radius:0px;border-top-right-radius:0px;border-bottom-right-radius:0px;border-bottom-left-radius:0px;}.kadence-column509_c5a0f7-d8 > .kt-inside-inner-col{column-gap:var(--global-kb-gap-sm, 1rem);}.kadence-column509_c5a0f7-d8 > .kt-inside-inner-col{flex-direction:column;}.kadence-column509_c5a0f7-d8 > .kt-inside-inner-col > .aligncenter{width:100%;}.kadence-column509_c5a0f7-d8 > .kt-inside-inner-col:before{opacity:0.3;}.kadence-column509_c5a0f7-d8{position:relative;}@media all and (max-width: 1024px){.kadence-column509_c5a0f7-d8 > .kt-inside-inner-col{flex-direction:column;}}@media all and (max-width: 767px){.kadence-column509_c5a0f7-d8 > .kt-inside-inner-col{flex-direction:column;}}<\/style>\n<div class=\"wp-block-kadence-column kadence-column509_c5a0f7-d8\"><div class=\"kt-inside-inner-col\">\n<div data-wp-interactive=\"\" class=\"wp-block-file\"><object data-wp-bind--hidden=\"!selectors.core.file.hasPdfPreview\" hidden class=\"wp-block-file__embed\" data=\"https:\/\/geoseminaire2024.teledetection.fr\/wp-content\/uploads\/2024\/03\/Joris-GUERIN-GEOSEMINAIRE-2024.pdf\" type=\"application\/pdf\" style=\"width:100%;height:650px\" aria-label=\"Contenu embarqu\u00e9 R\u00e9seaux de Neurones Pr\u00e9-Entra\u00een\u00e9s<br&gt;pour l'Analyse d'Images Satellites.\"><\/object><a id=\"wp-block-file--media-a72c61c0-4bad-4b1a-98d2-59f1f5536de0\" href=\"https:\/\/geoseminaire2024.teledetection.fr\/wp-content\/uploads\/2024\/03\/Joris-GUERIN-GEOSEMINAIRE-2024.pdf\">R\u00e9seaux de Neurones Pr\u00e9-Entra\u00een\u00e9s<br>pour l&rsquo;Analyse d&rsquo;Images Satellites<\/a><a href=\"https:\/\/geoseminaire2024.teledetection.fr\/wp-content\/uploads\/2024\/03\/Joris-GUERIN-GEOSEMINAIRE-2024.pdf\" class=\"wp-block-file__button wp-element-button\" download aria-describedby=\"wp-block-file--media-a72c61c0-4bad-4b1a-98d2-59f1f5536de0\">T\u00e9l\u00e9charger<\/a><\/div>\n<\/div><\/div>\n","protected":false},"excerpt":{"rendered":"","protected":false},"author":2,"featured_media":0,"parent":0,"menu_order":0,"comment_status":"closed","ping_status":"closed","template":"","meta":{"_kad_post_transparent":"","_kad_post_title":"","_kad_post_layout":"","_kad_post_sidebar_id":"","_kad_post_content_style":"","_kad_post_vertical_padding":"","_kad_post_feature":"","_kad_post_feature_position":"","_kad_post_header":false,"_kad_post_footer":false,"_kad_post_classname":"","footnotes":""},"_links":{"self":[{"href":"https:\/\/geoseminaire2024.teledetection.fr\/index.php\/wp-json\/wp\/v2\/pages\/509"}],"collection":[{"href":"https:\/\/geoseminaire2024.teledetection.fr\/index.php\/wp-json\/wp\/v2\/pages"}],"about":[{"href":"https:\/\/geoseminaire2024.teledetection.fr\/index.php\/wp-json\/wp\/v2\/types\/page"}],"author":[{"embeddable":true,"href":"https:\/\/geoseminaire2024.teledetection.fr\/index.php\/wp-json\/wp\/v2\/users\/2"}],"replies":[{"embeddable":true,"href":"https:\/\/geoseminaire2024.teledetection.fr\/index.php\/wp-json\/wp\/v2\/comments?post=509"}],"version-history":[{"count":4,"href":"https:\/\/geoseminaire2024.teledetection.fr\/index.php\/wp-json\/wp\/v2\/pages\/509\/revisions"}],"predecessor-version":[{"id":545,"href":"https:\/\/geoseminaire2024.teledetection.fr\/index.php\/wp-json\/wp\/v2\/pages\/509\/revisions\/545"}],"wp:attachment":[{"href":"https:\/\/geoseminaire2024.teledetection.fr\/index.php\/wp-json\/wp\/v2\/media?parent=509"}],"curies":[{"name":"wp","href":"https:\/\/api.w.org\/{rel}","templated":true}]}}