{"id":286,"date":"2024-03-04T09:24:40","date_gmt":"2024-03-04T09:24:40","guid":{"rendered":"https:\/\/geoseminaire2024.teledetection.fr\/?page_id=286"},"modified":"2024-03-14T20:58:02","modified_gmt":"2024-03-14T20:58:02","slug":"programme","status":"publish","type":"page","link":"https:\/\/geoseminaire2024.teledetection.fr\/index.php\/programme\/","title":{"rendered":"Programme"},"content":{"rendered":"<style>.kb-row-layout-id286_fc436c-26 > .kt-row-column-wrap{align-content:start;}:where(.kb-row-layout-id286_fc436c-26 > .kt-row-column-wrap) > .wp-block-kadence-column{justify-content:start;}.kb-row-layout-id286_fc436c-26 > .kt-row-column-wrap{column-gap:var(--global-kb-gap-none, 0rem );row-gap:var(--global-kb-gap-none, 0rem );max-width:var( --global-content-width, 1290px );padding-left:var(--global-content-edge-padding);padding-right:var(--global-content-edge-padding);padding-top:var(--global-kb-spacing-xs, 1rem);padding-bottom:var(--global-kb-spacing-sm, 1.5rem);grid-template-columns:minmax(0, 1fr);}.kb-row-layout-id286_fc436c-26 > .kt-row-layout-overlay{opacity:0.30;}@media all and (max-width: 1024px){.kb-row-layout-id286_fc436c-26 > .kt-row-column-wrap{grid-template-columns:repeat(2, minmax(0, 1fr));}}@media all and (max-width: 767px){.kb-row-layout-id286_fc436c-26 > .kt-row-column-wrap{grid-template-columns:minmax(0, 1fr);}}<\/style><div class=\"kb-row-layout-wrap kb-row-layout-id286_fc436c-26 alignnone wp-block-kadence-rowlayout\"><div class=\"kt-row-column-wrap kt-has-2-columns kt-row-layout-row kt-tab-layout-inherit kt-mobile-layout-row kt-row-valign-top kb-theme-content-width\">\n<style>.kadence-column286_e2b93a-50 > .kt-inside-inner-col,.kadence-column286_e2b93a-50 > .kt-inside-inner-col:before{border-top-left-radius:0px;border-top-right-radius:0px;border-bottom-right-radius:0px;border-bottom-left-radius:0px;}.kadence-column286_e2b93a-50 > .kt-inside-inner-col{column-gap:var(--global-kb-gap-sm, 1rem);}.kadence-column286_e2b93a-50 > .kt-inside-inner-col{flex-direction:column;}.kadence-column286_e2b93a-50 > .kt-inside-inner-col > .aligncenter{width:100%;}.kadence-column286_e2b93a-50 > .kt-inside-inner-col:before{opacity:0.3;}.kadence-column286_e2b93a-50{position:relative;}@media all and (max-width: 1024px){.kadence-column286_e2b93a-50 > .kt-inside-inner-col{flex-direction:column;}}@media all and (max-width: 767px){.kadence-column286_e2b93a-50 > .kt-inside-inner-col{flex-direction:column;}}<\/style>\n<div class=\"wp-block-kadence-column kadence-column286_e2b93a-50\"><div class=\"kt-inside-inner-col\"><style>.wp-block-kadence-advancedheading.kt-adv-heading286_ecd646-5a, .wp-block-kadence-advancedheading.kt-adv-heading286_ecd646-5a[data-kb-block=\"kb-adv-heading286_ecd646-5a\"]{font-style:normal;}.wp-block-kadence-advancedheading.kt-adv-heading286_ecd646-5a mark, .wp-block-kadence-advancedheading.kt-adv-heading286_ecd646-5a[data-kb-block=\"kb-adv-heading286_ecd646-5a\"] mark{font-style:normal;color:#f76a0c;padding-top:0px;padding-right:0px;padding-bottom:0px;padding-left:0px;}<\/style>\n<h2 class=\"kt-adv-heading286_ecd646-5a wp-block-kadence-advancedheading has-theme-palette-1-color has-text-color\" data-kb-block=\"kb-adv-heading286_ecd646-5a\">Programme G\u00e9os\u00e9minaire 2024<\/h2>\n<\/div><\/div>\n\n\n<style>.kadence-column286_e3c6c2-2f > .kt-inside-inner-col,.kadence-column286_e3c6c2-2f > .kt-inside-inner-col:before{border-top-left-radius:0px;border-top-right-radius:0px;border-bottom-right-radius:0px;border-bottom-left-radius:0px;}.kadence-column286_e3c6c2-2f > .kt-inside-inner-col{column-gap:var(--global-kb-gap-sm, 1rem);}.kadence-column286_e3c6c2-2f > .kt-inside-inner-col{flex-direction:column;}.kadence-column286_e3c6c2-2f > .kt-inside-inner-col > .aligncenter{width:100%;}.kadence-column286_e3c6c2-2f > .kt-inside-inner-col:before{opacity:0.3;}.kadence-column286_e3c6c2-2f{position:relative;}@media all and (max-width: 1024px){.kadence-column286_e3c6c2-2f > .kt-inside-inner-col{flex-direction:column;}}@media all and (max-width: 767px){.kadence-column286_e3c6c2-2f > .kt-inside-inner-col{flex-direction:column;}}<\/style>\n<div class=\"wp-block-kadence-column kadence-column286_e3c6c2-2f\"><div class=\"kt-inside-inner-col\"><style>.wp-block-kadence-spacer.kt-block-spacer-286_ab54ce-40 .kt-block-spacer{height:20px;}.wp-block-kadence-spacer.kt-block-spacer-286_ab54ce-40 .kt-divider{border-top-width:1px;height:1px;border-top-color:var(--global-palette1, #3182CE);width:49%;border-top-style:solid;}<\/style>\n<div class=\"wp-block-kadence-spacer aligncenter kt-block-spacer-286_ab54ce-40\"><div class=\"kt-block-spacer kt-block-spacer-halign-left\"><hr class=\"kt-divider\"\/><\/div><\/div>\n<\/div><\/div>\n\n\n<style>.kadence-column286_c024ee-f1 > .kt-inside-inner-col,.kadence-column286_c024ee-f1 > .kt-inside-inner-col:before{border-top-left-radius:0px;border-top-right-radius:0px;border-bottom-right-radius:0px;border-bottom-left-radius:0px;}.kadence-column286_c024ee-f1 > .kt-inside-inner-col{column-gap:var(--global-kb-gap-sm, 1rem);}.kadence-column286_c024ee-f1 > .kt-inside-inner-col{flex-direction:column;}.kadence-column286_c024ee-f1 > .kt-inside-inner-col > .aligncenter{width:100%;}.kadence-column286_c024ee-f1 > .kt-inside-inner-col:before{opacity:0.3;}.kadence-column286_c024ee-f1{position:relative;}@media all and (max-width: 1024px){.kadence-column286_c024ee-f1 > .kt-inside-inner-col{flex-direction:column;}}@media all and (max-width: 767px){.kadence-column286_c024ee-f1 > .kt-inside-inner-col{flex-direction:column;}}<\/style>\n<div class=\"wp-block-kadence-column kadence-column286_c024ee-f1\"><div class=\"kt-inside-inner-col\"><style>.kb-row-layout-id286_606cf6-23 > .kt-row-column-wrap{align-content:start;}:where(.kb-row-layout-id286_606cf6-23 > .kt-row-column-wrap) > .wp-block-kadence-column{justify-content:start;}.kb-row-layout-id286_606cf6-23 > .kt-row-column-wrap{column-gap:var(--global-kb-gap-md, 2rem);row-gap:var(--global-kb-gap-lg, 4rem);max-width:var( --global-content-width, 1290px );padding-left:var(--global-content-edge-padding);padding-right:var(--global-content-edge-padding);grid-template-columns:minmax(0, 1fr);}.kb-row-layout-id286_606cf6-23 > .kt-row-layout-overlay{opacity:0.30;}@media all and (max-width: 1024px){.kb-row-layout-id286_606cf6-23 > .kt-row-column-wrap{grid-template-columns:minmax(0, 1fr);}}@media all and (max-width: 767px){.kb-row-layout-id286_606cf6-23 > .kt-row-column-wrap{row-gap:var(--global-kb-gap-none, 0rem );grid-template-columns:minmax(0, 1fr);}.kb-row-layout-id286_606cf6-23 > .kt-row-column-wrap > .wp-block-kadence-column:nth-child(1){order:1;}.kb-row-layout-id286_606cf6-23 > .kt-row-column-wrap > .wp-block-kadence-column:nth-child(2){order:11;}.kb-row-layout-id286_606cf6-23 > .kt-row-column-wrap > .wp-block-kadence-column:nth-child(3){order:21;}.kb-row-layout-id286_606cf6-23 > .kt-row-column-wrap > .wp-block-kadence-column:nth-child(4){order:31;}}<\/style><div class=\"kb-row-layout-wrap kb-row-layout-id286_606cf6-23 alignnone wp-block-kadence-rowlayout\"><div class=\"kt-row-column-wrap kt-has-1-columns kt-row-layout-equal kt-tab-layout-inherit kt-mobile-layout-row kt-row-valign-top kb-theme-content-width\">\n<style>.kadence-column286_04260b-9e > .kt-inside-inner-col{display:flex;}.kadence-column286_04260b-9e > .kt-inside-inner-col,.kadence-column286_04260b-9e > .kt-inside-inner-col:before{border-top-left-radius:0px;border-top-right-radius:0px;border-bottom-right-radius:0px;border-bottom-left-radius:0px;}.kadence-column286_04260b-9e > .kt-inside-inner-col{column-gap:var(--global-kb-gap-sm, 1rem);}.kadence-column286_04260b-9e > .kt-inside-inner-col{flex-direction:column;justify-content:center;}.kadence-column286_04260b-9e > .kt-inside-inner-col > .aligncenter{width:100%;}.kt-row-column-wrap > .kadence-column286_04260b-9e{align-self:center;}.kt-inner-column-height-full:not(.kt-has-1-columns) > .wp-block-kadence-column.kadence-column286_04260b-9e{align-self:auto;}.kt-inner-column-height-full:not(.kt-has-1-columns) > .wp-block-kadence-column.kadence-column286_04260b-9e > .kt-inside-inner-col{flex-direction:column;justify-content:center;}.kadence-column286_04260b-9e > .kt-inside-inner-col:before{opacity:0.3;}.kadence-column286_04260b-9e{position:relative;}@media all and (max-width: 1024px){.kadence-column286_04260b-9e > .kt-inside-inner-col{flex-direction:column;}}@media all and (max-width: 767px){.kadence-column286_04260b-9e > .kt-inside-inner-col{flex-direction:column;}}<\/style>\n<div class=\"wp-block-kadence-column kadence-column286_04260b-9e\"><div class=\"kt-inside-inner-col\">\n<div data-wp-interactive=\"\" class=\"wp-block-file\" style=\"padding-top:0;padding-right:0;padding-bottom:0;padding-left:0\"><object data-wp-bind--hidden=\"!selectors.core.file.hasPdfPreview\" hidden class=\"wp-block-file__embed\" data=\"https:\/\/geoseminaire2024.teledetection.fr\/wp-content\/uploads\/2024\/03\/Programme-final.pdf\" type=\"application\/pdf\" style=\"width:100%;height:1970px\" aria-label=\"Contenu embarqu\u00e9 Programme G\u00e9os\u00e9minaire 2024.\"><\/object><a id=\"wp-block-file--media-dc06b96c-ecfd-4f67-a896-2e045fe89992\" href=\"https:\/\/geoseminaire2024.teledetection.fr\/wp-content\/uploads\/2024\/03\/Programme-final.pdf\">Programme G\u00e9os\u00e9minaire 2024<\/a><a href=\"https:\/\/geoseminaire2024.teledetection.fr\/wp-content\/uploads\/2024\/03\/Programme-final.pdf\" class=\"wp-block-file__button wp-element-button\" download aria-describedby=\"wp-block-file--media-dc06b96c-ecfd-4f67-a896-2e045fe89992\">T\u00e9l\u00e9charger le programme<\/a><\/div>\n<\/div><\/div>\n\n<\/div><\/div><\/div><\/div>\n\n<\/div><\/div>","protected":false},"excerpt":{"rendered":"<p>Programme G\u00e9os\u00e9minaire 2024<\/p>\n","protected":false},"author":2,"featured_media":0,"parent":0,"menu_order":0,"comment_status":"closed","ping_status":"closed","template":"","meta":{"_kad_post_transparent":"","_kad_post_title":"","_kad_post_layout":"","_kad_post_sidebar_id":"","_kad_post_content_style":"","_kad_post_vertical_padding":"","_kad_post_feature":"","_kad_post_feature_position":"","_kad_post_header":false,"_kad_post_footer":false,"_kad_post_classname":"","footnotes":""},"_links":{"self":[{"href":"https:\/\/geoseminaire2024.teledetection.fr\/index.php\/wp-json\/wp\/v2\/pages\/286"}],"collection":[{"href":"https:\/\/geoseminaire2024.teledetection.fr\/index.php\/wp-json\/wp\/v2\/pages"}],"about":[{"href":"https:\/\/geoseminaire2024.teledetection.fr\/index.php\/wp-json\/wp\/v2\/types\/page"}],"author":[{"embeddable":true,"href":"https:\/\/geoseminaire2024.teledetection.fr\/index.php\/wp-json\/wp\/v2\/users\/2"}],"replies":[{"embeddable":true,"href":"https:\/\/geoseminaire2024.teledetection.fr\/index.php\/wp-json\/wp\/v2\/comments?post=286"}],"version-history":[{"count":18,"href":"https:\/\/geoseminaire2024.teledetection.fr\/index.php\/wp-json\/wp\/v2\/pages\/286\/revisions"}],"predecessor-version":[{"id":489,"href":"https:\/\/geoseminaire2024.teledetection.fr\/index.php\/wp-json\/wp\/v2\/pages\/286\/revisions\/489"}],"wp:attachment":[{"href":"https:\/\/geoseminaire2024.teledetection.fr\/index.php\/wp-json\/wp\/v2\/media?parent=286"}],"curies":[{"name":"wp","href":"https:\/\/api.w.org\/{rel}","templated":true}]}}