{"id":139,"date":"2024-03-03T10:06:20","date_gmt":"2024-03-03T10:06:20","guid":{"rendered":"https:\/\/geoseminaire2024.teledetection.fr\/?page_id=139"},"modified":"2024-03-08T09:40:37","modified_gmt":"2024-03-08T09:40:37","slug":"contacts","status":"publish","type":"page","link":"https:\/\/geoseminaire2024.teledetection.fr\/index.php\/contacts\/","title":{"rendered":"Contacts"},"content":{"rendered":"<style>.kb-row-layout-id139_fa296f-a6 > .kt-row-column-wrap{align-content:start;}:where(.kb-row-layout-id139_fa296f-a6 > .kt-row-column-wrap) > .wp-block-kadence-column{justify-content:start;}.kb-row-layout-id139_fa296f-a6 > .kt-row-column-wrap{column-gap:var(--global-kb-gap-md, 2rem);row-gap:var(--global-kb-gap-md, 2rem);max-width:var( --global-content-width, 1290px );padding-left:var(--global-content-edge-padding);padding-right:var(--global-content-edge-padding);grid-template-columns:minmax(0, 1fr);}.kb-row-layout-id139_fa296f-a6 > .kt-row-layout-overlay{opacity:0.30;}@media all and (max-width: 1024px){.kb-row-layout-id139_fa296f-a6 > .kt-row-column-wrap{grid-template-columns:repeat(4, minmax(0, 1fr));}}@media all and (max-width: 767px){.kb-row-layout-id139_fa296f-a6 > .kt-row-column-wrap{grid-template-columns:minmax(0, 1fr);}}<\/style><div class=\"kb-row-layout-wrap kb-row-layout-id139_fa296f-a6 alignnone wp-block-kadence-rowlayout\"><div class=\"kt-row-column-wrap kt-has-4-columns kt-row-layout-row kt-tab-layout-inherit kt-mobile-layout-row kt-row-valign-top kb-theme-content-width\">\r\n\r\n<style>.kadence-column139_89b696-fe > .kt-inside-inner-col,.kadence-column139_89b696-fe > .kt-inside-inner-col:before{border-top-left-radius:0px;border-top-right-radius:0px;border-bottom-right-radius:0px;border-bottom-left-radius:0px;}.kadence-column139_89b696-fe > .kt-inside-inner-col{column-gap:var(--global-kb-gap-sm, 1rem);}.kadence-column139_89b696-fe > .kt-inside-inner-col{flex-direction:column;}.kadence-column139_89b696-fe > .kt-inside-inner-col > .aligncenter{width:100%;}.kadence-column139_89b696-fe > .kt-inside-inner-col:before{opacity:0.3;}.kadence-column139_89b696-fe{position:relative;}@media all and (max-width: 1024px){.kadence-column139_89b696-fe > .kt-inside-inner-col{flex-direction:column;}}@media all and (max-width: 767px){.kadence-column139_89b696-fe > .kt-inside-inner-col{flex-direction:column;}}<\/style>\r\n<div class=\"wp-block-kadence-column kadence-column139_89b696-fe\">\r\n<div class=\"kt-inside-inner-col\"><style>.wp-block-kadence-advancedheading.kt-adv-heading139_0b3313-ca, .wp-block-kadence-advancedheading.kt-adv-heading139_0b3313-ca[data-kb-block=\"kb-adv-heading139_0b3313-ca\"]{padding-top:0px;padding-right:0px;padding-bottom:0px;padding-left:0px;margin-top:0px;margin-right:0px;margin-bottom:0px;margin-left:0px;text-align:center;font-size:77px;line-height:0.9;font-style:normal;text-transform:uppercase;border-top:0px solid transparent;border-right:0px solid transparent;border-bottom:0px solid transparent;border-left:0px solid transparent;border-top-left-radius:0px;}.wp-block-kadence-advancedheading.kt-adv-heading139_0b3313-ca mark, .wp-block-kadence-advancedheading.kt-adv-heading139_0b3313-ca[data-kb-block=\"kb-adv-heading139_0b3313-ca\"] mark{font-style:normal;color:#f76a0c;padding-top:0px;padding-right:0px;padding-bottom:0px;padding-left:0px;}@media all and (max-width: 1024px){.wp-block-kadence-advancedheading.kt-adv-heading139_0b3313-ca, .wp-block-kadence-advancedheading.kt-adv-heading139_0b3313-ca[data-kb-block=\"kb-adv-heading139_0b3313-ca\"]{border-top:0px solid transparent;border-right:0px solid transparent;border-bottom:0px solid transparent;border-left:0px solid transparent;}}@media all and (max-width: 767px){.wp-block-kadence-advancedheading.kt-adv-heading139_0b3313-ca, .wp-block-kadence-advancedheading.kt-adv-heading139_0b3313-ca[data-kb-block=\"kb-adv-heading139_0b3313-ca\"]{padding-left:0px;font-size:37px;border-top:0px solid transparent;border-right:0px solid transparent;border-bottom:0px solid transparent;border-left:0px solid transparent;}}<\/style>\r\n<h2 class=\"kt-adv-heading139_0b3313-ca wp-block-kadence-advancedheading has-theme-palette-1-color has-text-color\" style=\"text-align: justify;\" data-kb-block=\"kb-adv-heading139_0b3313-ca\"><strong>Contactez\u2013nous<\/strong><\/h2>\r\n<\/div>\r\n<\/div>\r\n\r\n\r\n<style>.kadence-column139_2e6c4c-25 > .kt-inside-inner-col,.kadence-column139_2e6c4c-25 > .kt-inside-inner-col:before{border-top-left-radius:0px;border-top-right-radius:0px;border-bottom-right-radius:0px;border-bottom-left-radius:0px;}.kadence-column139_2e6c4c-25 > .kt-inside-inner-col{column-gap:var(--global-kb-gap-sm, 1rem);}.kadence-column139_2e6c4c-25 > .kt-inside-inner-col{flex-direction:column;}.kadence-column139_2e6c4c-25 > .kt-inside-inner-col > .aligncenter{width:100%;}.kadence-column139_2e6c4c-25 > .kt-inside-inner-col:before{opacity:0.3;}.kadence-column139_2e6c4c-25{position:relative;}@media all and (max-width: 1024px){.kadence-column139_2e6c4c-25 > .kt-inside-inner-col{flex-direction:column;}}@media all and (max-width: 767px){.kadence-column139_2e6c4c-25 > .kt-inside-inner-col{flex-direction:column;}}<\/style>\r\n<div class=\"wp-block-kadence-column kadence-column139_2e6c4c-25\" style=\"text-align: justify;\">\r\n<div class=\"kt-inside-inner-col\"><style>.wp-block-kadence-advancedheading.kt-adv-heading139_f38205-68, .wp-block-kadence-advancedheading.kt-adv-heading139_f38205-68[data-kb-block=\"kb-adv-heading139_f38205-68\"]{font-size:16px;font-style:normal;font-family:\"Comic Sans MS\", cursive, sans-serif;}.wp-block-kadence-advancedheading.kt-adv-heading139_f38205-68 mark, .wp-block-kadence-advancedheading.kt-adv-heading139_f38205-68[data-kb-block=\"kb-adv-heading139_f38205-68\"] mark{font-style:normal;color:#f76a0c;padding-top:0px;padding-right:0px;padding-bottom:0px;padding-left:0px;}<\/style>\r\n<h2 class=\"kt-adv-heading139_f38205-68 wp-block-kadence-advancedheading\" data-kb-block=\"kb-adv-heading139_f38205-68\">Vous avez des questions ou vous souhaitez simplement nous contacter ? Ecrivez-nous un message ci-dessous. Nous vous r\u00e9pondrons dans les plus brefs d\u00e9lais. Votre avis est pr\u00e9cieux pour nous, et nous sommes impatients d&rsquo;avoir de vos nouvelles !<\/h2>\r\n\r\n\r\n<style>.wp-block-kadence-advanced-form139_000b9c-12 .kb-advanced-form input[type=text],.wp-block-kadence-advanced-form139_000b9c-12 .kb-advanced-form input[type=tel],.wp-block-kadence-advanced-form139_000b9c-12 .kb-advanced-form input[type=number],.wp-block-kadence-advanced-form139_000b9c-12 .kb-advanced-form input[type=date],.wp-block-kadence-advanced-form139_000b9c-12 .kb-advanced-form input[type=time],.wp-block-kadence-advanced-form139_000b9c-12 .kb-advanced-form input[type=email],.wp-block-kadence-advanced-form139_000b9c-12 .kb-advanced-form input[type=file],.wp-block-kadence-advanced-form139_000b9c-12 .kb-advanced-form select,.wp-block-kadence-advanced-form139_000b9c-12 .kb-advanced-form textarea{border-top:0px solid #B9B9C5;border-right:0px solid #B9B9C5;border-bottom:2px solid #B9B9C5;border-left:0px solid #B9B9C5;border-top-left-radius:0px;border-top-right-radius:0px;border-bottom-right-radius:0px;border-bottom-left-radius:0px;box-shadow:0px 0px 0px 0px rgba(0, 0, 0, 0);}.wp-block-kadence-advanced-form139_000b9c-12{--kb-form-border-width:0px;--kb-form-border-color:#B9B9C5;}.wp-block-kadence-advanced-form139_000b9c-12 input[type=text]:focus,.wp-block-kadence-advanced-form139_000b9c-12 input[type=email]:focus,.wp-block-kadence-advanced-form139_000b9c-12 input[type=tel]:focus,.wp-block-kadence-advanced-form139_000b9c-12 input[type=date]:focus,.wp-block-kadence-advanced-form139_000b9c-12 input[type=number]:focus,.wp-block-kadence-advanced-form139_000b9c-12 input[type=time]:focus,.wp-block-kadence-advanced-form139_000b9c-12 input[type=file]:focus,.wp-block-kadence-advanced-form139_000b9c-12 select:focus,.wp-block-kadence-advanced-form139_000b9c-12 textarea:focus{border-color:var(--global-palette1, #3182CE);box-shadow:0px 0px 0px 0px rgba(0, 0, 0, 0);}.wp-block-kadence-advanced-form139_000b9c-12 .kb-adv-form-field .kb-adv-form-label{color:#909097;}@media all and (max-width: 1024px){.wp-block-kadence-advanced-form139_000b9c-12 .kb-advanced-form input[type=text],.wp-block-kadence-advanced-form139_000b9c-12 .kb-advanced-form input[type=tel],.wp-block-kadence-advanced-form139_000b9c-12 .kb-advanced-form input[type=number],.wp-block-kadence-advanced-form139_000b9c-12 .kb-advanced-form input[type=date],.wp-block-kadence-advanced-form139_000b9c-12 .kb-advanced-form input[type=time],.wp-block-kadence-advanced-form139_000b9c-12 .kb-advanced-form input[type=email],.wp-block-kadence-advanced-form139_000b9c-12 .kb-advanced-form input[type=file],.wp-block-kadence-advanced-form139_000b9c-12 .kb-advanced-form select,.wp-block-kadence-advanced-form139_000b9c-12 .kb-advanced-form textarea{border-top:0px solid #B9B9C5;border-right:0px solid #B9B9C5;border-bottom:2px solid #B9B9C5;border-left:0px solid #B9B9C5;}}@media all and (max-width: 767px){.wp-block-kadence-advanced-form139_000b9c-12 .kb-advanced-form input[type=text],.wp-block-kadence-advanced-form139_000b9c-12 .kb-advanced-form input[type=tel],.wp-block-kadence-advanced-form139_000b9c-12 .kb-advanced-form input[type=number],.wp-block-kadence-advanced-form139_000b9c-12 .kb-advanced-form input[type=date],.wp-block-kadence-advanced-form139_000b9c-12 .kb-advanced-form input[type=time],.wp-block-kadence-advanced-form139_000b9c-12 .kb-advanced-form input[type=email],.wp-block-kadence-advanced-form139_000b9c-12 .kb-advanced-form input[type=file],.wp-block-kadence-advanced-form139_000b9c-12 .kb-advanced-form select,.wp-block-kadence-advanced-form139_000b9c-12 .kb-advanced-form textarea{border-top:0px solid #B9B9C5;border-right:0px solid #B9B9C5;border-bottom:2px solid #B9B9C5;border-left:0px solid #B9B9C5;}}<\/style><div class=\"wp-block-kadence-advanced-form wp-block-kadence-advanced-form139_000b9c-12 kb-adv-form-label-style-float kb-adv-form-input-size-standard kb-form-basic-style wp-block-kadence-advanced-form\"><form class=\"kb-advanced-form\" method=\"post\">\n<style>.kb-row-layout-id139_20eaf1-0b > .kt-row-column-wrap{align-content:start;}:where(.kb-row-layout-id139_20eaf1-0b > .kt-row-column-wrap) > .wp-block-kadence-column{justify-content:start;}.kb-row-layout-id139_20eaf1-0b > .kt-row-column-wrap{column-gap:var(--global-kb-gap-md, 2rem);row-gap:var(--global-kb-gap-md, 2rem);padding-top:0px;padding-right:0px;padding-bottom:0px;padding-left:0px;grid-template-columns:repeat(2, minmax(0, 1fr));}.kb-row-layout-id139_20eaf1-0b > .kt-row-layout-overlay{opacity:0.30;}@media all and (max-width: 1024px){.kb-row-layout-id139_20eaf1-0b > .kt-row-column-wrap{grid-template-columns:repeat(2, minmax(0, 1fr));}}@media all and (max-width: 767px){.kb-row-layout-id139_20eaf1-0b > .kt-row-column-wrap{grid-template-columns:minmax(0, 1fr);}}<\/style><div class=\"kb-row-layout-wrap kb-row-layout-id139_20eaf1-0b alignnone wp-block-kadence-rowlayout\"><div class=\"kt-row-column-wrap kt-has-2-columns kt-row-layout-equal kt-tab-layout-inherit kt-mobile-layout-row kt-row-valign-top\">\n<style>.kadence-column139_7cf6fb-83 > .kt-inside-inner-col,.kadence-column139_7cf6fb-83 > .kt-inside-inner-col:before{border-top-left-radius:0px;border-top-right-radius:0px;border-bottom-right-radius:0px;border-bottom-left-radius:0px;}.kadence-column139_7cf6fb-83 > .kt-inside-inner-col{column-gap:var(--global-kb-gap-sm, 1rem);}.kadence-column139_7cf6fb-83 > .kt-inside-inner-col{flex-direction:column;}.kadence-column139_7cf6fb-83 > .kt-inside-inner-col > .aligncenter{width:100%;}.kadence-column139_7cf6fb-83 > .kt-inside-inner-col:before{opacity:0.3;}.kadence-column139_7cf6fb-83{position:relative;}@media all and (max-width: 1024px){.kadence-column139_7cf6fb-83 > .kt-inside-inner-col{flex-direction:column;}}@media all and (max-width: 767px){.kadence-column139_7cf6fb-83 > .kt-inside-inner-col{flex-direction:column;}}<\/style>\n<div class=\"wp-block-kadence-column kadence-column139_7cf6fb-83\"><div class=\"kt-inside-inner-col\"><div class=\"kb-adv-form-field kb-adv-form-text-type-input kb-adv-form-infield-type-input kb-field145aca314-2b wp-block-kadence-advanced-form-text\"><label class=\"kb-adv-form-label\" for=\"field145aca314-2b\">Name<\/label><input name=\"fieldaca314-2b\" id=\"field145aca314-2b\" data-label=\"Name\" type=\"text\" placeholder=\"\" value=\"\" data-type=\"text\" class=\"kb-field kb-text-field\" data-required=\"no\" \/><\/div><\/div><\/div>\n\n\n<style>.kadence-column139_cbfb2a-7b > .kt-inside-inner-col,.kadence-column139_cbfb2a-7b > .kt-inside-inner-col:before{border-top-left-radius:0px;border-top-right-radius:0px;border-bottom-right-radius:0px;border-bottom-left-radius:0px;}.kadence-column139_cbfb2a-7b > .kt-inside-inner-col{column-gap:var(--global-kb-gap-sm, 1rem);}.kadence-column139_cbfb2a-7b > .kt-inside-inner-col{flex-direction:column;}.kadence-column139_cbfb2a-7b > .kt-inside-inner-col > .aligncenter{width:100%;}.kadence-column139_cbfb2a-7b > .kt-inside-inner-col:before{opacity:0.3;}.kadence-column139_cbfb2a-7b{position:relative;}@media all and (max-width: 1024px){.kadence-column139_cbfb2a-7b > .kt-inside-inner-col{flex-direction:column;}}@media all and (max-width: 767px){.kadence-column139_cbfb2a-7b > .kt-inside-inner-col{flex-direction:column;}}<\/style>\n<div class=\"wp-block-kadence-column kadence-column139_cbfb2a-7b\"><div class=\"kt-inside-inner-col\"><div class=\"kb-adv-form-field kb-adv-form-text-type-input kb-adv-form-infield-type-input kb-field145763ac2-60 wp-block-kadence-advanced-form-email\"><label class=\"kb-adv-form-label\" for=\"field145763ac2-60\">Email<span class=\"kb-adv-form-required\">*<\/span><\/label><input name=\"field763ac2-60\" id=\"field145763ac2-60\" data-label=\"Email\" type=\"email\" placeholder=\"\" value=\"\" data-type=\"email\" class=\"kb-field kb-email-field\" data-required=\"yes\" required aria-required=\"true\"\/><\/div><\/div><\/div>\n\n<\/div><\/div>\n\n<div class=\"kb-adv-form-field kb-adv-form-text-type-input kb-adv-form-infield-type-input kb-field14525e369-e5 wp-block-kadence-advanced-form-textarea\"><label class=\"kb-adv-form-label\" for=\"field14525e369-e5\">Message<span class=\"kb-adv-form-required\">*<\/span><\/label><textarea name=\"field25e369-e5\" id=\"field14525e369-e5\" rows=\"3\"  data-label=\"Message\" placeholder=\"\" data-type=\"textarea\" class=\"kb-field kb-textarea-field\" data-required=\"yes\" required aria-required=\"true\"><\/textarea><\/div>\n\n<style>ul.menu .kb-submit-field .kb-btn44d2f4-15.kb-button{width:initial;}.kb-submit-field.kb-field44d2f4-15{justify-content:flex-start;}<\/style><div class=\"kb-adv-form-field kb-submit-field kb-field44d2f4-15 wp-block-kadence-advanced-form-submit\"><button class=\"kb-button kt-button button kb-adv-form-submit-button kb-btn44d2f4-15 kt-btn-size-standard kt-btn-width-type-auto kb-btn-global-fill kt-btn-has-text-true kt-btn-has-svg-false\" type=\"submit\"><span class=\"kt-btn-inner-text\">envoyer ma demande<\/span><\/button><\/div>\n<input type=\"hidden\" name=\"_kb_adv_form_post_id\" value=\"145\"><input type=\"hidden\" name=\"action\" value=\"kb_process_advanced_form_submit\"><input type=\"hidden\" name=\"_kb_adv_form_id\" value=\"139_000b9c-12\"><\/form><\/div><\/div>\r\n<\/div>\r\n\r\n\r\n<style>.kadence-column139_90739b-49 > .kt-inside-inner-col,.kadence-column139_90739b-49 > .kt-inside-inner-col:before{border-top-left-radius:0px;border-top-right-radius:0px;border-bottom-right-radius:0px;border-bottom-left-radius:0px;}.kadence-column139_90739b-49 > .kt-inside-inner-col{column-gap:var(--global-kb-gap-sm, 1rem);}.kadence-column139_90739b-49 > .kt-inside-inner-col{flex-direction:column;}.kadence-column139_90739b-49 > .kt-inside-inner-col > .aligncenter{width:100%;}.kadence-column139_90739b-49 > .kt-inside-inner-col:before{opacity:0.3;}.kadence-column139_90739b-49{position:relative;}@media all and (max-width: 1024px){.kadence-column139_90739b-49 > .kt-inside-inner-col{flex-direction:column;}}@media all and (max-width: 767px){.kadence-column139_90739b-49 > .kt-inside-inner-col{flex-direction:column;}}<\/style>\r\n<div class=\"wp-block-kadence-column kadence-column139_90739b-49\">\r\n<div class=\"kt-inside-inner-col\"><style>.wp-block-kadence-advancedheading.kt-adv-heading139_b2c017-09, .wp-block-kadence-advancedheading.kt-adv-heading139_b2c017-09[data-kb-block=\"kb-adv-heading139_b2c017-09\"]{font-size:16px;font-style:normal;font-family:\"Comic Sans MS\", cursive, sans-serif;}.wp-block-kadence-advancedheading.kt-adv-heading139_b2c017-09 mark, .wp-block-kadence-advancedheading.kt-adv-heading139_b2c017-09[data-kb-block=\"kb-adv-heading139_b2c017-09\"] mark{font-style:normal;color:#f76a0c;padding-top:0px;padding-right:0px;padding-bottom:0px;padding-left:0px;}<\/style>\r\n<h2 class=\"kt-adv-heading139_b2c017-09 wp-block-kadence-advancedheading\" style=\"text-align: justify;\" data-kb-block=\"kb-adv-heading139_b2c017-09\">Vous pouvez \u00e9galement nous contacter par e-mail \u00e0 l&rsquo;adresse<strong>: <span style=\"color: #0000ff;\">geoseminaire@gmail.com<\/span><\/strong> <br \/>Si vous pr\u00e9f\u00e9rez une approche en personne, n&rsquo;h\u00e9sitez pas \u00e0 nous rendre visite \u00e0 notre local situ\u00e9 \u00e0 <strong>la Maison de la T\u00e9l\u00e9d\u00e9tection, 500 rue Jean-Fran\u00e7ois Breton, 34000 Montpellier<\/strong>.<\/h2>\r\n<\/div>\r\n<\/div>\r\n\r\n\r\n<style>.kadence-column139_8e7129-68 > .kt-inside-inner-col,.kadence-column139_8e7129-68 > .kt-inside-inner-col:before{border-top-left-radius:0px;border-top-right-radius:0px;border-bottom-right-radius:0px;border-bottom-left-radius:0px;}.kadence-column139_8e7129-68 > .kt-inside-inner-col{column-gap:var(--global-kb-gap-sm, 1rem);}.kadence-column139_8e7129-68 > .kt-inside-inner-col{flex-direction:column;}.kadence-column139_8e7129-68 > .kt-inside-inner-col > .aligncenter{width:100%;}.kadence-column139_8e7129-68 > .kt-inside-inner-col:before{opacity:0.3;}.kadence-column139_8e7129-68{position:relative;}@media all and (max-width: 1024px){.kadence-column139_8e7129-68 > .kt-inside-inner-col{flex-direction:column;}}@media all and (max-width: 767px){.kadence-column139_8e7129-68 > .kt-inside-inner-col{flex-direction:column;}}<\/style>\r\n<div class=\"wp-block-kadence-column kadence-column139_8e7129-68\">\r\n<div class=\"kt-inside-inner-col\"><style>.kb-google-maps-container139_a78325-54{max-width:672px;height:450px;margin-left:auto !important;margin-right:auto !important;}<\/style><div class=\"kb-google-maps-container kb-google-maps-container139_a78325-54  wp-block-kadence-googlemaps\" data-mapid=\"139_a78325-54\"><iframe width=\"100%\" height=\"100%\"\n\t\t\t\t\t\t\tstyle=\"border:0\" loading=\"lazy\"\n\t\t\t\t\t\t\tsrc=\"https:\/\/www.google.com\/maps\/embed\/v1\/place?key=AIzaSyBAM2o7PiQqwk15LC1XRH2e_KJ-jUa7KYk&#038;zoom=17&#038;maptype=roadmap&#038;q=la+Maison+de+la+T%C3%A9l%C3%A9d%C3%A9tection+%2F+500+rue+Jean-Fran%C3%A7ois+Breton%2C+34000+Montpellier+\"\n\t\t\t\t\t\t\ttitle=\"Google map of la Maison de la T\u00e9l\u00e9d\u00e9tection \/ 500 rue Jean-Fran\u00e7ois Breton, 34000 Montpellier \"><\/iframe><\/div><script>function kb_google_map139_a78325_54() { let center = { lat: 37.8201, lng: -122.4781}; let map = new google.maps.Map(document.getElementById(\"kb-google-map139_a78325-54\"), {\n\t\t\t\t\t    zoom: 17,\n\t\t\t\t\t    center: center,});let marker = new google.maps.Marker({   position: { lat: 37.8201, lng: -122.4781},    map: map,  });}<\/script><\/div>\r\n<\/div>\r\n<\/div><\/div>","protected":false},"excerpt":{"rendered":"<p>Contactez\u2013nous Vous avez des questions ou vous souhaitez simplement nous contacter ? Ecrivez-nous un message ci-dessous. Nous vous r\u00e9pondrons dans les plus brefs d\u00e9lais. Votre avis est pr\u00e9cieux pour nous, et nous sommes impatients d&rsquo;avoir de vos nouvelles ! Vous pouvez \u00e9galement nous contacter par e-mail \u00e0 l&rsquo;adresse: geoseminaire@gmail.com Si vous pr\u00e9f\u00e9rez une approche en&#8230;<\/p>\n","protected":false},"author":2,"featured_media":0,"parent":0,"menu_order":0,"comment_status":"closed","ping_status":"closed","template":"","meta":{"_kad_post_transparent":"default","_kad_post_title":"default","_kad_post_layout":"default","_kad_post_sidebar_id":"","_kad_post_content_style":"default","_kad_post_vertical_padding":"default","_kad_post_feature":"","_kad_post_feature_position":"","_kad_post_header":false,"_kad_post_footer":false,"_kad_post_classname":"","footnotes":""},"_links":{"self":[{"href":"https:\/\/geoseminaire2024.teledetection.fr\/index.php\/wp-json\/wp\/v2\/pages\/139"}],"collection":[{"href":"https:\/\/geoseminaire2024.teledetection.fr\/index.php\/wp-json\/wp\/v2\/pages"}],"about":[{"href":"https:\/\/geoseminaire2024.teledetection.fr\/index.php\/wp-json\/wp\/v2\/types\/page"}],"author":[{"embeddable":true,"href":"https:\/\/geoseminaire2024.teledetection.fr\/index.php\/wp-json\/wp\/v2\/users\/2"}],"replies":[{"embeddable":true,"href":"https:\/\/geoseminaire2024.teledetection.fr\/index.php\/wp-json\/wp\/v2\/comments?post=139"}],"version-history":[{"count":7,"href":"https:\/\/geoseminaire2024.teledetection.fr\/index.php\/wp-json\/wp\/v2\/pages\/139\/revisions"}],"predecessor-version":[{"id":424,"href":"https:\/\/geoseminaire2024.teledetection.fr\/index.php\/wp-json\/wp\/v2\/pages\/139\/revisions\/424"}],"wp:attachment":[{"href":"https:\/\/geoseminaire2024.teledetection.fr\/index.php\/wp-json\/wp\/v2\/media?parent=139"}],"curies":[{"name":"wp","href":"https:\/\/api.w.org\/{rel}","templated":true}]}}